211
In base 5, what is 22123 - 130124?
-103001
In base 15, what is 3277e0 + 21?
327811
In base 7, what is 3 - 1146646056?
-1146646053
In base 14, what is 3 - 4ba715?
-4ba712
In base 8, what is -1 - -7102455?
7102454
In base 13, what is b6aa - 95?
b615
In base 4, what is -130310000 + 1032?
-130302302
In base 6, what is -250510 - -30142?
-220324
In base 11, what is 12aa17 + 174a?
131666
In base 3, what is 110001 + -2122001222?
-2121121221
In base 6, what is -33053120101 + -1?
-33053120102
In base 4, what is 111 - 101111232323?
-101111232212
In base 4, what is -11211 - -121331?
110120
In base 2, what is 11001000110010110 - -1011?
11001000110100001
In base 6, what is 120013 + -135431?
-15414
In base 4, what is -303112 + 1211211?
302033
In base 2, what is -1010 - -1100000100110010000011111?
1100000100110010000010101
In base 14, what is 24b + 19b416?
19b663
In base 16, what is -39f75b - 1?
-39f75c
In base 4, what is -10303233023 + -11?
-10303233100
In base 2, what is 11010101 - 10000111100010100111?
-10000111011111010010
In base 11, what is 5a88a68 + -126?
5a88942
In base 11, what is -63 + -32a939?
-32a9a1
In base 2, what is -10100001101111 - 10001011001110001?
-10011111011100000
In base 9, what is -5550 + 87?
-5452
In base 12, what is 12b0 + 656?
1946
In base 7, what is 354440555 + -4?
354440551
In base 3, what is 110012220101022 - -221?
110012220102020
In base 10, what is -50410 - 2998?
-53408
In base 6, what is 11253350 - -100?
11253450
In base 8, what is -3 - 3223713?
-3223716
In base 5, what is 3 + -224303014121?
-224303014113
In base 12, what is -3357 - -247?
-3110
In base 9, what is -40 + 112442?
112402
In base 15, what is b - -22daa42?
22daa4d
In base 3, what is 211010 - -110010?
1021020
In base 15, what is 5e267d - 3?
5e267a
In base 14, what is -4100a6 + -2c?
-4100d4
In base 12, what is 32b514 - -3?
32b517
In base 9, what is 16 + -1675358?
-1675342
In base 2, what is 10101 - 100011100000110001000?
-100011100000101110011
In base 12, what is 81b52210 - -4?
81b52214
In base 2, what is 100 - -1101101011000001001000?
1101101011000001001100
In base 11, what is 68708 + -13?
686a5
In base 10, what is 2810186 + -10?
2810176
In base 3, what is -110020 - 111111120?
-111221210
In base 14, what is -1c4b55b - 6?
-1c4b563
In base 13, what is -209 + 19420?
19214
In base 4, what is 12110022300000 - 3?
12110022233331
In base 9, what is -217 - -4334?
4116
In base 4, what is 2233001331101 + 1?
2233001331102
In base 7, what is 53 + 2043166?
2043252
In base 7, what is 110623 - -21?
110644
In base 5, what is -23200112220 - -24?
-23200112141
In base 2, what is 1101100001001111011011 + 100?
1101100001001111011111
In base 13, what is 49 - 663bb?
-66372
In base 15, what is -e73a - -742?
-dee8
In base 5, what is 1141403141 + -4102?
1141344034
In base 4, what is -1330 - 103231313?
-103233303
In base 15, what is 3e0 + 995ba?
999aa
In base 15, what is 4 + 9725c2c?
9725c31
In base 16, what is -1c + d1ecf?
d1eb3
In base 7, what is 14335 - -32524?
50162
In base 2, what is -101010100101011111 - 100?
-101010100101100011
In base 5, what is -2201 - 402344?
-410100
In base 11, what is 10136 + 207?
10342
In base 3, what is -111011 - 122000022?
-122111110
In base 14, what is -9 - a0c7b?
-a0c86
In base 13, what is -a233ca - -9?
-a233c1
In base 7, what is 143032 + 45131?
221163
In base 16, what is -417f + 10d5?
-30aa
In base 16, what is 1 + 10252aae?
10252aaf
In base 12, what is a92768 + 4?
a92770
In base 4, what is 3 - 20303121201?
-20303121132
In base 14, what is -14 + 115d2b?
115d17
In base 3, what is 10 - 222010220112211?
-222010220112201
In base 10, what is -445834 - 47?
-445881
In base 15, what is -373c + -13b?
-3878
In base 14, what is 21b34dc + -3?
21b34d9
In base 14, what is -bc + -50c0d?
-50ccb
In base 11, what is -3401828 - -5?
-3401823
In base 2, what is -111111011011000100011101 - 100?
-111111011011000100100001
In base 8, what is -36514424 + 57?
-36514345
In base 6, what is 202342511001 - -1?
202342511002
In base 6, what is 102 - -134254?
134400
In base 2, what is -111101110000000 - -10101101?
-111101011010011
In base 14, what is 14 + -33417?
-33403
In base 16, what is -1403 - 858?
-1c5b
In base 10, what is -5 + 4553594?
4553589
In base 14, what is 65b + 41d2?
484d
In base 10, what is -5 + -8358952?
-8358957
In base 14, what is -4177993 + -3?
-4177996
In base 13, what is -4 - 17472974?
-17472978
In base 6, what is 124130 + -134115?
-5545
In base 3, what is 21201211 + 1000001221?
1021210202
In base 4, what is -232303120 + 2010210?
-230232310
In base 6, what is 353121532 + -3?
353121525
In base 8, what is -1410 - 3610624?
-3612234
In base 9, what is -211 + -1017043?
-1017254
In base 3, what is -12201 + -2012011100111?
-2012011120012
In base 16, what is -a6 + -107a9?
-1084f
In base 10, what is -3 - 1979161?
-1979164
In base 7, what is 10036 + 2653?
13022
In base 4, what is 20121 + -3120211313?
-3120131132
In base 10, what is 962722 + 8?
962730
In base 8, what is 122 + 417044?
417166
In base 4, what is -32022021 + -1123?
-32023210
In base 6, what is 2 + -3323045445?
-3323045443
In base 12, what is -4912a - 308?
-49436
In base 15, what is 2 + -22d9c?
-22d9a
In base 12, what is -7930b - -3368?
-75b63
In base 14, what is 0 - b30c12?
-b30c12
In base 14, what is -18209d5 + -d?
-1820a04
In base 7, what is -432 - -144054?
143322
In base 15, what is 5ec2e + 3c?
5ec6b
In base 16, what is -b65b - 53a?
-bb95
In base 10, what is -17158 - -2001?
-15157
In base 16, what is 2 - 3299427?
-3299425
In base 14, what is 1165 + -533?
a32
In base 14, what is 37b40a + -11?
37b3d9
In base 10, what is 0 - 10719410?
-10719410
In base 15, what is 4 - -2095ed?
209602
In base 3, what is 2220001021 - 10112?
2212220202
In base 14, what is -2 + 95722?
95720
In base 2, what is 10011101001 + -111011001000010111?
-111010110100101110
In base 12, what is 145a4a4 - 0?
145a4a4
In base 12, what is -398931 - -45?
-3988a8
In base 7, what is -13405 - 5125?
-21533
In base 8, what is 1 + 12044635?
12044636
In base 10, what is -5107 - 59?
-5166
In base 4, what is -101210 + -11121222?
-11223032
In base 14, what is -1d834 + d3?
-1d741
In base 3, what is -100101 + -101020221?
-101121022
In base 9, what is 147 - 138752?
-138604
In base 15, what is 8b - -37d72?
37e0d
In base 5, what is -41 + 243314101?
243314010
In base 5, what is 14312301312 + -3?
14312301304
In base 13, what is -64c3 - 548?
-6a3b
In base 9, what is -771136 - -43?
-771083
In base 15, what is 5 - 11251970?
-1125196a
In base 10, what is 1017827 + 1?
1017828
In base 8, what is 276043153 - -5?
276043160
In base 14, what is d8 - -33498?
33592
In base 7, what is 4303653316 - 0?
4303653316
In base 10, what is 32 + -9872845?
-9872813
In base 6, what is 300440115 + 13?
300440132
In base 6, what is -32122341 - -12?
-32122325
In base 11, what is -43239a0 - 5?
-43239a5
In base 16, what is -9b - 44126?
-441c1
In base 4, what is 11 - 20032222120122?
-20032222120111
In base 4, what is -1013201 - 3200220?
-10220021
In base 8, what is -55036 + 211?
-54625
In base 10, what is -8 + 2558454?
2558446
In base 15, what is 98d2b + 7e5?
99621
In base 12, what is 10a93 + 310?
111a3
In base 14, what is 57a4 - -22b?
59d1
In base 12, what is -5 + -355997?
-3559a0
In base 7, what is 13 - -411543506?
411543522
In base 13, what is 5 - -1345073b?
13450743
In base 2, what is -101001010010010000011 + 100000?
-101001010010001100011
In base 5, what is 120334334 - 13213?
120321121
In base 6, what is 311525010 - 4?
311525002
In base 8, what is 5611 - 514?
5075
In base 16, what is 45b + 3ced4?
3d32f
In base 15, what is -21dd19 + 8?
-21dd11
In base 4, what is -11330 + 11132003?
11120013
In base 11, what is -5 + -a9757012?
-a9757017
In base 15, what is 31272 - 30d?
30e64
In base 7, what is -326154645 + 3?
-326154642
In base 7, what is 45460 + -20641?
24516
In base 5, what is 0 - 11111444220?
-11111444220
In base 4, what is -303 + -21101021311?
-21101022220
In base 14, what is -5003 + -c?
-5011
In base 8, what is -33251024 - 25?
-33251051
In base 16, what is -37 + 14aced5?
14ace9e
In base 4, what is -210311012 + -21111?
-210332123
In base 11, what is 75787 - 871?
74a16
In base 10, what is -5 + -42698312?
-42698317
In base 13, what is -35230 + 5c?
-351a1
In base 6, what is 3 + -1545112403?
-154